of 91553814?
True
Does 1091 divide 65820458?
False
Is 231084410 a multiple of 142?
True
Does 36 divide 28294308?
True
Does 12 divide 6497688?
True
Does 69 divide 345386676?
True
Does 38 divide 41100078?
True
Does 159 divide 1455577425?
True
Is 613 a factor of 30107495?
True
Does 44 divide 11406143?
False
Is 4754 a factor of 567641125?
False
Is 18 a factor of 66738308?
False
Is 90681893 a multiple of 38?
False
Does 29 divide 2721982293?
False
Does 4 divide 2509208?
True
Does 5 divide 20311601?
False
Is 596154160 a multiple of 156?
False
Does 22 divide 186473342?
True
Is 35 a factor of 5735068553?
False
Does 1368 divide 13770288?
True
Is 915087750 a multiple of 87?
True
Does 12 divide 540829235?
False
Does 457 divide 13599406?
True
Is 4088094 a multiple of 1922?
True
Does 95 divide 229676845?
True
Is 183 a factor of 500458698?
False
Does 920 divide 540364760?
True
Does 7047 divide 668756836?
False
Is 101225616 a multiple of 12?
True
Does 9 divide 26588052?
True
Is 483 a factor of 449536794?
True
Is 21976430 a multiple of 2?
True
Is 3386981325 a multiple of 52?
False
Is 1106 a factor of 47179748?
True
Does 31 divide 155311226?
False
Is 6918975 a multiple of 63?
True
Is 1363618200 a multiple of 50?
True
Does 1030 divide 561733060?
False
Does 3638 divide 2467574979?
False
Does 9 divide 4188223?
False
Does 3823 divide 263553797?
True
Is 860143222 a multiple of 746?
True
Is 64 a factor of 39633174?
False
Is 479 a factor of 126990085?
True
Does 237 divide 364738183?
False
Is 1448 a factor of 603043464?
False
Is 212341554 a multiple of 2319?
True
Is 406 a factor of 235999625?
False
Is 16 a factor of 74046012?
False
Does 1418 divide 571934702?
True
Is 342 a factor of 3707874897?
False
Is 5820 a factor of 211122414?
False
Is 22 a factor of 4204666?
False
Is 742324640 even?
True
Is 245 a factor of 38828825?
True
Is 33508098 a multiple of 78?
True
Is 34858212 a multiple of 619?
False
Is 3742 a factor of 4789809747?
False
Is 1638934649 a multiple of 36?
False
Is 14 a factor of 880990065?
False
Is 56 a factor of 15147776?
True
Is 19 a factor of 5651569?
True
Is 18 a factor of 108676728?
True
Is 1938542650 a multiple of 139?
True
Is 183587064 a multiple of 6974?
False
Is 200336094 even?
True
Does 5 divide 181490749?
False
Is 15 a factor of 128208357?
False
Is 1502 a factor of 167827472?
True
Does 11 divide 849238039?
False
Is 14762280 a multiple of 60?
True
Is 400 a factor of 15262000?
True
Does 650 divide 138021413?
False
Is 27 a factor of 72556147?
False
Is 168070765 a multiple of 7?
False
Is 996 a factor of 534951600?
True
Is 352351398 a multiple of 7?
True
Is 54 a factor of 4124142?
True
Does 6 divide 678679079?
False
Is 636 a factor of 98327508?
True
Is 158470387 a multiple of 2493?
False
Does 19 divide 41939660?
False
Is 26 a factor of 90552370?
False
Does 4 divide 1063609171?
False
Does 5 divide 194817100?
True
Is 13 a factor of 274799047?
False
Does 13104 divide 401781744?
True
Is 723 a factor of 42333096?
True
Does 257 divide 21272358?
False
Is 159541709 a multiple of 1723?
False
Is 55 a factor of 346023590?
True
Is 13 a factor of 1035887424?
True
Is 39161998 even?
True
Is 306458360 a multiple of 20?
True
Is 7088604435 a multiple of 297?
True
Does 3007 divide 2128881040?
False
Is 182101147 a multiple of 19?
False
Is 721 a factor of 16794219?
False
Does 321 divide 15203169?
False
Does 2498 divide 108090958?
True
Is 406 a factor of 17162838?
True
Does 381 divide 64067436?
True
Does 3 divide 209837982?
True
Is 90 a factor of 28725750?
True
Is 71248080 a multiple of 60?
True
Is 17 a factor of 174226407?
False
Is 400 a factor of 489415600?
True
Is 96656515 a multiple of 27?
False
Does 1716 divide 116315628?
True
Is 776 a factor of 25021914?
False
Does 1639 divide 1398610999?
False
Is 895033461 a multiple of 37?
False
Is 62258906 a multiple of 50?
False
Is 2201025162 a multiple of 46?
False
Is 1617285285 a multiple of 99?
True
Is 43 a factor of 52857711?
False
Is 37 a factor of 36797275?
False
Is 5281464 a multiple of 1306?
True
Does 134 divide 21899833?
False
Does 34 divide 2131154?
True
Is 87447382 a multiple of 11?
True
Is 3 a factor of 652652826?
True
Does 4166 divide 38768796?
True
Does 676 divide 481613496?
True
Does 1331 divide 93509584?
False
Does 45 divide 30748545?
True
Does 44 divide 1780152?
True
Does 48 divide 886939008?
True
Does 57 divide 311533215?
True
Is 127262738 a multiple of 83?
True
Is 7107219 a multiple of 63?
True
Does 55 divide 614023118?
False
Does 2193 divide 13653618?
True
Does 120 divide 4513146?
False
Is 7 a factor of 113072113?
True
Is 7 a factor of 49201565?
True
Is 6476 a factor of 733672516?
True
Does 8 divide 203214024?
True
Is 20 a factor of 326197279?
False
Is 1237384006 a multiple of 19?
True
Is 137198528 a multiple of 650?
False
Does 4 divide 157587650?
False
Is 4037 a factor of 273090929?
False
Does 599 divide 46610586?
True
Is 89 a factor of 199421251?
False
Does 5 divide 114717643?
False
Is 69 a factor of 111563547?
True
Is 30728216 a multiple of 20?
False
Is 1113960958 a multiple of 12?
False
Is 2567 a factor of 634251296?
False
Is 771122097 a multiple of 2378?
False
Is 212 a factor of 1975035672?
True
Does 6 divide 1631717552?
False
Does 43 divide 504355901?
True
Is 54 a factor of 20462220?
True
Is 319 a factor of 121276411?
False
Is 54481752 a multiple of 156?
True
Is 612 a factor of 120734475?
False
Is 11 a factor of 54819798?
True
Is 11280129 a multiple of 1010?
False
Is 122 a factor of 93536302?
True
Is 1312 a factor of 139754240?
True
Is 155 a factor of 514784659?
False
Is 47 a factor of 28383155?
False
Is 49744365 a multiple of 15?
True
Is 143798895 a multiple of 10?
False
Is 295620801 a multiple of 108?
False
Does 225 divide 12263850?
True
Does 1680 divide 108645056?
False
Is 1778 a factor of 124444342?
False
Is 9 a factor of 11742150?
False
Is 44 a factor of 2147921652?
False
Is 411603270 a multiple of 39?
True
Is 23116540 a multiple of 254?
True
Is 3344 a factor of 50404112?
True
Is 28 a factor of 2719668?
True
Is 181324662 a multiple of 843?
False
Does 130 divide 24219520?
True
Does 44 divide 37315803?
False
Is 232 a factor of 1320091471?
False
Does 121 divide 2233285144?
False
Is 660222346 a multiple of 117?
False
Is 4856 a factor of 578247624?
True
Is 14858974 a multiple of 3?
False
Does 5 divide 11708844?
False
Is 8 a factor of 52636152?
True
Is 114991268 a multiple of 266?
True
Is 147967464 a multiple of 124?
True
Is 101020502 a multiple of 86?
True
Is 131 a factor of 52063985?
True
Is 47 a factor of 301425338?
False
Is 211 a factor of 422000?
True
Does 1564 divide 47892069?
False
Does 53 divide 1856364132?
False
Is 1266264 a multiple of 24?
True
Is 91791369 a multiple of 38?
False
Does 1553 divide 202670016?
False
Does 738 divide 102557824?
False
Is 257644079 a multiple of 33?
False
Is 646 a factor of 143682904?
False
Does 21 divide 6245739?
False
Does 38 divide 163512132?
False
Is 197916 even?
True
Is 302861449 a multiple of 67?
False
Is 51690038 a multiple of 67?
False
Is 46873190 a multiple of 35?
True
Is 13 a factor of 44047716?
False
Does 11 divide 755204?
False
Is 14 a factor of 36675492?
True
Is 19960239 a multiple of 96?
False
Does 254 divide 138241786?
True
Is 65780834 a multiple of 14?
True
Does 2691 divide 6566040?
True
Is 716 a factor of 4161203692?
True
Is 8 a factor of 66066423?
False
Is 22 a factor of 453963576?
True
Does 30 divide 80109083?
False
Does 495 divide 5624471?
False
Is 48 a factor of 8657500?
False
Is 309509400 a multiple of 15?
True
Is 14 a factor of 567668374?
True
Is 653 a factor of 27015263?
True
Is 75475750 a multiple of 17?
True
Does 13 divide 24292241?
False
Does 51 divide 622545857?
False
Is 182073644 a multiple of 520?
False
Is 1378 a factor of 116018292?
False
Does 12 divide 1484396179?
False
Is 5022 a factor of 2214717066?
True
Does 5683 divide 538706382?
False
Is 42170157 a multiple of 240?
False
Is 1128679060 a multiple of 7239?
False
Does 294 divide 53202286?
False
Is 40 a factor of 52596640?
True
Does 27 divide 21818464?
False
Is 255499965 a multiple of 735?
True
Is 281494325 a multiple of 34?
False
Is 17350326 a multiple of 6?
True
Is 325076336 a multiple of 119?
False
Is 30550716 a multiple of 108?
True
Does 63 divide 138312972?
True
Does 513 divide 